{"id":229,"date":"2021-09-07T13:33:56","date_gmt":"2021-09-07T12:33:56","guid":{"rendered":"https:\/\/reponse-ability.media-aube.fr\/les-etapes\/?page_id=229"},"modified":"2021-09-07T13:51:34","modified_gmt":"2021-09-07T12:51:34","slug":"soutenez-moi","status":"publish","type":"page","link":"https:\/\/reponse-ability.media-aube.fr\/les-etapes\/soutenez-moi\/","title":{"rendered":"Soutenez-moi"},"content":{"rendered":"\n<p>J&rsquo;ai lanc\u00e9 une campagne de crowdfunder car j&rsquo;ai besoin de financement pour mener \u00e0 bien ce projet.<\/p>\n\n\n\n<figure class=\"wp-block-embed is-type-video is-provider-vimeo wp-block-embed-vimeo\"><div class=\"wp-block-embed__wrapper\">\n<iframe loading=\"lazy\" title=\"Appel au soutien version Fran\u00e7ais\" src=\"https:\/\/player.vimeo.com\/video\/599099197?dnt=1&amp;app_id=122963\" width=\"500\" height=\"281\" frameborder=\"0\" allow=\"autoplay; fullscreen; picture-in-picture; clipboard-write\"><\/iframe>\n<\/div><\/figure>\n\n\n\n<p>Voici le lien de ma campagne sur le site de la cagnotte en ligne \u00ab\u00a0Le pot commun\u00a0\u00bb :<\/p>\n\n\n\n<p><a href=\"http:\/\/izly.lepotcommun.fr\/pot\/g5sn7k9a\" target=\"_blank\" rel=\"noreferrer noopener\"><strong><span class=\"has-inline-color has-vivid-cyan-blue-color\">izly.lepotcommun.fr\/pot\/g5sn7k9a<\/span><\/strong><\/a><\/p>\n","protected":false},"excerpt":{"rendered":"<p>J&rsquo;ai lanc\u00e9 une campagne de crowdfunder car j&rsquo;ai besoin de financement pour mener \u00e0 bien ce projet. Voici le lien de ma campagne sur le site de la cagnotte en ligne \u00ab\u00a0Le pot commun\u00a0\u00bb : izly.lepotcommun.fr\/pot\/g5sn7k9a<\/p>\n","protected":false},"author":1,"featured_media":0,"parent":0,"menu_order":0,"comment_status":"closed","ping_status":"closed","template":"","meta":{"_genesis_hide_title":false,"_genesis_hide_breadcrumbs":false,"_genesis_hide_singular_image":false,"_genesis_hide_footer_widgets":false,"_genesis_custom_body_class":"","_genesis_custom_post_class":"","_genesis_layout":"","footnotes":""},"class_list":{"0":"post-229","1":"page","2":"type-page","3":"status-publish","5":"entry"},"yoast_head":"<!-- This site is optimized with the Yoast SEO plugin v27.4 - https:\/\/yoast.com\/product\/yoast-seo-wordpress\/ -->\n<title>Soutenez-moi - Les \u00e9tapes philosophique vers...<\/title>\n<meta name=\"robots\" content=\"index, follow, max-snippet:-1, max-image-preview:large, max-video-preview:-1\" \/>\n<link rel=\"canonical\" href=\"https:\/\/reponse-ability.media-aube.fr\/les-etapes\/soutenez-moi\/\" \/>\n<meta property=\"og:locale\" content=\"fr_FR\" \/>\n<meta property=\"og:type\" content=\"article\" \/>\n<meta property=\"og:title\" content=\"Soutenez-moi - Les \u00e9tapes philosophique vers...\" \/>\n<meta property=\"og:description\" content=\"J&rsquo;ai lanc\u00e9 une campagne de crowdfunder car j&rsquo;ai besoin de financement pour mener \u00e0 bien ce projet. Voici le lien de ma campagne sur le site de la cagnotte en ligne \u00ab\u00a0Le pot commun\u00a0\u00bb : izly.lepotcommun.fr\/pot\/g5sn7k9a\" \/>\n<meta property=\"og:url\" content=\"https:\/\/reponse-ability.media-aube.fr\/les-etapes\/soutenez-moi\/\" \/>\n<meta property=\"og:site_name\" content=\"Les \u00e9tapes philosophique vers...\" \/>\n<meta property=\"article:modified_time\" content=\"2021-09-07T12:51:34+00:00\" \/>\n<meta name=\"twitter:card\" content=\"summary_large_image\" \/>\n<meta name=\"twitter:label1\" content=\"Dur\u00e9e de lecture estim\u00e9e\" \/>\n\t<meta name=\"twitter:data1\" content=\"1 minute\" \/>\n<script type=\"application\/ld+json\" class=\"yoast-schema-graph\">{\"@context\":\"https:\\\/\\\/schema.org\",\"@graph\":[{\"@type\":\"WebPage\",\"@id\":\"https:\\\/\\\/reponse-ability.media-aube.fr\\\/les-etapes\\\/soutenez-moi\\\/\",\"url\":\"https:\\\/\\\/reponse-ability.media-aube.fr\\\/les-etapes\\\/soutenez-moi\\\/\",\"name\":\"Soutenez-moi - Les \u00e9tapes philosophique vers...\",\"isPartOf\":{\"@id\":\"https:\\\/\\\/reponse-ability.media-aube.fr\\\/les-etapes\\\/#website\"},\"datePublished\":\"2021-09-07T12:33:56+00:00\",\"dateModified\":\"2021-09-07T12:51:34+00:00\",\"breadcrumb\":{\"@id\":\"https:\\\/\\\/reponse-ability.media-aube.fr\\\/les-etapes\\\/soutenez-moi\\\/#breadcrumb\"},\"inLanguage\":\"fr-FR\",\"potentialAction\":[{\"@type\":\"ReadAction\",\"target\":[\"https:\\\/\\\/reponse-ability.media-aube.fr\\\/les-etapes\\\/soutenez-moi\\\/\"]}]},{\"@type\":\"BreadcrumbList\",\"@id\":\"https:\\\/\\\/reponse-ability.media-aube.fr\\\/les-etapes\\\/soutenez-moi\\\/#breadcrumb\",\"itemListElement\":[{\"@type\":\"ListItem\",\"position\":1,\"name\":\"Home\",\"item\":\"https:\\\/\\\/reponse-ability.media-aube.fr\\\/les-etapes\\\/\"},{\"@type\":\"ListItem\",\"position\":2,\"name\":\"Soutenez-moi\"}]},{\"@type\":\"WebSite\",\"@id\":\"https:\\\/\\\/reponse-ability.media-aube.fr\\\/les-etapes\\\/#website\",\"url\":\"https:\\\/\\\/reponse-ability.media-aube.fr\\\/les-etapes\\\/\",\"name\":\"Les \u00e9tapes philosophique vers...\",\"description\":\"un p\u00e9riple de r\u00e9flexion                        \",\"potentialAction\":[{\"@type\":\"SearchAction\",\"target\":{\"@type\":\"EntryPoint\",\"urlTemplate\":\"https:\\\/\\\/reponse-ability.media-aube.fr\\\/les-etapes\\\/?s={search_term_string}\"},\"query-input\":{\"@type\":\"PropertyValueSpecification\",\"valueRequired\":true,\"valueName\":\"search_term_string\"}}],\"inLanguage\":\"fr-FR\"}]}<\/script>\n<!-- \/ Yoast SEO plugin. -->","yoast_head_json":{"title":"Soutenez-moi - Les \u00e9tapes philosophique vers...","robots":{"index":"index","follow":"follow","max-snippet":"max-snippet:-1","max-image-preview":"max-image-preview:large","max-video-preview":"max-video-preview:-1"},"canonical":"https:\/\/reponse-ability.media-aube.fr\/les-etapes\/soutenez-moi\/","og_locale":"fr_FR","og_type":"article","og_title":"Soutenez-moi - Les \u00e9tapes philosophique vers...","og_description":"J&rsquo;ai lanc\u00e9 une campagne de crowdfunder car j&rsquo;ai besoin de financement pour mener \u00e0 bien ce projet. Voici le lien de ma campagne sur le site de la cagnotte en ligne \u00ab\u00a0Le pot commun\u00a0\u00bb : izly.lepotcommun.fr\/pot\/g5sn7k9a","og_url":"https:\/\/reponse-ability.media-aube.fr\/les-etapes\/soutenez-moi\/","og_site_name":"Les \u00e9tapes philosophique vers...","article_modified_time":"2021-09-07T12:51:34+00:00","twitter_card":"summary_large_image","twitter_misc":{"Dur\u00e9e de lecture estim\u00e9e":"1 minute"},"schema":{"@context":"https:\/\/schema.org","@graph":[{"@type":"WebPage","@id":"https:\/\/reponse-ability.media-aube.fr\/les-etapes\/soutenez-moi\/","url":"https:\/\/reponse-ability.media-aube.fr\/les-etapes\/soutenez-moi\/","name":"Soutenez-moi - Les \u00e9tapes philosophique vers...","isPartOf":{"@id":"https:\/\/reponse-ability.media-aube.fr\/les-etapes\/#website"},"datePublished":"2021-09-07T12:33:56+00:00","dateModified":"2021-09-07T12:51:34+00:00","breadcrumb":{"@id":"https:\/\/reponse-ability.media-aube.fr\/les-etapes\/soutenez-moi\/#breadcrumb"},"inLanguage":"fr-FR","potentialAction":[{"@type":"ReadAction","target":["https:\/\/reponse-ability.media-aube.fr\/les-etapes\/soutenez-moi\/"]}]},{"@type":"BreadcrumbList","@id":"https:\/\/reponse-ability.media-aube.fr\/les-etapes\/soutenez-moi\/#breadcrumb","itemListElement":[{"@type":"ListItem","position":1,"name":"Home","item":"https:\/\/reponse-ability.media-aube.fr\/les-etapes\/"},{"@type":"ListItem","position":2,"name":"Soutenez-moi"}]},{"@type":"WebSite","@id":"https:\/\/reponse-ability.media-aube.fr\/les-etapes\/#website","url":"https:\/\/reponse-ability.media-aube.fr\/les-etapes\/","name":"Les \u00e9tapes philosophique vers...","description":"un p\u00e9riple de r\u00e9flexion                        ","potentialAction":[{"@type":"SearchAction","target":{"@type":"EntryPoint","urlTemplate":"https:\/\/reponse-ability.media-aube.fr\/les-etapes\/?s={search_term_string}"},"query-input":{"@type":"PropertyValueSpecification","valueRequired":true,"valueName":"search_term_string"}}],"inLanguage":"fr-FR"}]}},"jetpack_sharing_enabled":true,"_links":{"self":[{"href":"https:\/\/reponse-ability.media-aube.fr\/les-etapes\/wp-json\/wp\/v2\/pages\/229","targetHints":{"allow":["GET"]}}],"collection":[{"href":"https:\/\/reponse-ability.media-aube.fr\/les-etapes\/wp-json\/wp\/v2\/pages"}],"about":[{"href":"https:\/\/reponse-ability.media-aube.fr\/les-etapes\/wp-json\/wp\/v2\/types\/page"}],"author":[{"embeddable":true,"href":"https:\/\/reponse-ability.media-aube.fr\/les-etapes\/wp-json\/wp\/v2\/users\/1"}],"replies":[{"embeddable":true,"href":"https:\/\/reponse-ability.media-aube.fr\/les-etapes\/wp-json\/wp\/v2\/comments?post=229"}],"version-history":[{"count":3,"href":"https:\/\/reponse-ability.media-aube.fr\/les-etapes\/wp-json\/wp\/v2\/pages\/229\/revisions"}],"predecessor-version":[{"id":240,"href":"https:\/\/reponse-ability.media-aube.fr\/les-etapes\/wp-json\/wp\/v2\/pages\/229\/revisions\/240"}],"wp:attachment":[{"href":"https:\/\/reponse-ability.media-aube.fr\/les-etapes\/wp-json\/wp\/v2\/media?parent=229"}],"curies":[{"name":"wp","href":"https:\/\/api.w.org\/{rel}","templated":true}]}}